= -2*t + 58. Suppose 3*z + j = 26. Is 2/z - (-6254)/12 a composite number?
False
Let c = 4565 + -1836. Is c a prime number?
True
Suppose -3*x + 5*j + 49 = x, j + 35 = 5*x. Suppose 4*n = 4*w + 32, n - 29 + x = 4*w. Let g(d) = -10*d + 3. Is g(w) a composite number?
False
Let x = -3303 - -36680. Is x prime?
True
Let z(y) = 4*y**3 - 8*y**2 + 8*y - 3. Let i be z(5). Let k be ((-15)/9)/(-3 + (-763)/(-252)). Let f = i - k. Is f composite?
False
Let o be -2*(-2)/(4/2). Suppose -d - o = -2*x, 4*x - 1 + 3 = 5*d. Suppose x*q - 4*q = -2*t + 104, 2*q = 3*t - 157. Is t a composite number?
False
Suppose 28*w - 21099 = -11*w. Is w composite?
False
Let x = 82 - 77. Suppose -3 = -2*w + 1, 2*l - 96 = x*w. Is l a prime number?
True
Suppose 0 = -2*o - o + 18. Let b(g) = 17*g**2 - 3*g - 16. Let u(y) = 16*y**2 - 2*y - 15. Let m(l) = -2*b(l) + 3*u(l). Is m(o) prime?
True
Let u be ((-8)/(-36))/(10/9 - 1). Is (14/(-6))/(u/(-282)) a prime number?
False
Let x(o) = -o**2 - 18*o + 89. Is x(-17) prime?
False
Let l(t) = -t**3 - 19*t**2 - 27*t + 24. Is l(-19) composite?
True
Suppose 30 = -5*l - p, 0*l - 32 = l - 5*p. Let u(b) = 5*b**2 + 6*b + 8. Is u(l) a composite number?
False
Let z(g) = 33*g - 31. Let i(y) = -17*y + 16. Let q(s) = -34*s + 32. Let d(w) = -5*i(w) + 3*q(w). Let r(m) = -11*d(m) - 6*z(m). Is r(-11) prime?
True
Let t(x) = 10079*x**3 + 2*x**2 - 3*x + 1. Is t(1) composite?
False
Let o be (-1 - -3)/(-2)*-7. Suppose 0 = -2*m + o*m + 635. Let j = 758 + m. Is j a composite number?
False
Is (-77863)/(429/(-363) + (-4)/(-22)) prime?
True
Let h be -274 + 6 + (-6 - -2). Let i = 463 + h. Is i a prime number?
True
Suppose -2*c = -7*c. Suppose 0 = -c*f + 2*f - 44. Is f prime?
False
Suppose 6*b - 25 = b. Let g = b - 6. Is (6/12)/(g/(-134)) a prime number?
True
Let w = -18 - -45. Let b = -16 + w. Is b a prime number?
True
Suppose 43*p = 35*p + 7264. Let a = -499 + p. Is a a prime number?
True
Suppose h - 24 = -5*h. Suppose 2*w - 1 = x, w - h*x - 3 - 1 = 0. Suppose w = -k + 5*k - 1196. Is k a composite number?
True
Suppose 99733 = 5*o - 3*b, 4741 = o - 5*b - 15188. Is o a prime number?
True
Suppose -10*x - 93805 = -252855. Is x a composite number?
True
Let t be (0 - 16/4) + 19. Let g(b) = 405*b - 28. Is g(t) composite?
False
Suppose -4 = 5*i - 0*s - 2*s, -7 = -i + 3*s. Is 1/(-2)*479*11*i a prime number?
False
Let f(j) = 221*j + 3. Let d be (5/4)/((-4)/(-80)). Let k = -21 + d. Is f(k) composite?
False
Let b(m) = 5*m**3 - m**2 + 15*m - 35. Is b(6) prime?
False
Let s be ((-9)/15 - 2811/15)/(-2). Let f(d) = d**2 - 7*d + 8. Let o be f(6). Suppose -4 = -o*k + s. Is k composite?
True
Suppose -60*j = -45*j - 49485. Is j composite?
False
Let p = -1561 + 4001. Suppose -6*q - 394 + p = 0. Is q composite?
True
Let n = 89 - 227. Let j be 2/3 - n/9. Let o = 107 - j. Is o prime?
False
Let v(z) = 21*z**2 - 4*z - 13. Let y be v(-3). Let u = 673 - y. Is u a composite number?
True
Suppose -244 = 2*l - 1666. Let w = -446 + l. Is w composite?
True
Suppose 636 + 372 = 7*q. Let z = 22 + q. Is z a composite number?
True
Is (-2)/(-8) + (-2443)/(-4) a composite number?
True
Let b(x) = 258*x**2 + 3*x - 16. Is b(-7) prime?
False
Suppose -5*a - 20 = 0, -3*j - a + 5*a = -2155. Let r = 12 + j. Suppose -4*w + 10809 = r. Is w composite?
False
Let x be (4/(-6))/((-2)/(-3)). Let l(z) = -102*z**3 - z**2 - z - 1. Let h be l(x). Let q = -66 + h. Is q a prime number?
False
Let p = 7382 - -11489. Is p prime?
False
Let r be (-1)/(-6) + ((-9260)/(-24) - 3). Suppose 3*k + 264 = -0*k. Let q = k + r. Is q a composite number?
True
Suppose 0 = 20*o - 18*o - 16. Is (o/36 + 5/18)*3314 a composite number?
False
Let f be 10/(-50) - (-3429)/(-5). Let r = f - -1171. Is r prime?
False
Suppose 2*z + c = -724, 3*c + 774 + 1035 = -5*z. Let y = 14 - z. Is y prime?
False
Let o(a) = -3*a**2 - 11*a - 13. Let b be o(11). Is b/4*16/(-4) a prime number?
False
Let r = -3073 + 6450. Is r a composite number?
True
Let f = -738 + 2131. Is f a composite number?
True
Let j = -368 - -545. Is j prime?
False
Is (0 + (-26977 - 0))/(8 + -9) prime?
False
Let f(v) = 3620*v - 1093. Is f(6) a prime number?
True
Let h(c) = c**2 - 4*c + 7. Let l be ((-36)/3)/((-8)/(-36)*-3). Is h(l) a prime number?
False
Let w(u) = 2 + 203 - u**2 + 2*u**2 - 2*u. Let b be w(0). Suppose -2*k = -1035 + b. Is k a prime number?
False
Suppose 0 = -4*a - 12, -3*f + a - 4*a - 3 = 0. Let x(d) = 13*d**2 + 3*d - 3. Let q be x(-6). Suppose -z = f*z - q. Is z a prime number?
True
Let f = 144462 - 84611. Is f composite?
True
Let f = 20748 - -15233. Is f a prime number?
False
Suppose -11*a = -1658 + 602. Suppose a - 540 = -4*q. Is q prime?
False
Suppose 2*m - 29157 - 32077 = 0. Is m a composite number?
True
Let i be 447/(-21) + (-4)/(-14). Suppose -3*k = -70 - 32. Let v = k - i. Is v a composite number?
True
Let u = -89 + 169. Suppose 186 = 2*x - u. Suppose a - x - 118 = 0. Is a prime?
True
Suppose 0*t = -3*t + 5*r + 5654, 4*t + 5*r = 7527. Is t composite?
True
Let x = -1 + 5. Let p(o) = 5 + x*o - 6*o + 1 - 3. Is p(-5) prime?
True
Let f = 62691 + -31760. Is f a composite number?
False
Suppose 29*w - 525328 = 700473. Is w prime?
False
Suppose -103 = 2*a - 139. Suppose -7*p - 10351 = -a*p. Is p composite?
False
Is 9/3 - 4 - -324*10 a composite number?
True
Let i = -32 - -56. Let o be 1 + (8*-3)/(-2). Let x = i + o. Is x composite?
False
Let u be (1 - 0)*(-6 + 5 - -37). Suppose -1685 = 31*k - u*k. Is k prime?
True
Let k = 6 + -17. Let q(m) = -m**3 - 9*m**2 + 12*m - 7. Let l be q(k). Suppose -2*s - 35 = -l. Is s a composite number?
True
Suppose 42*x - 59085 = 33441. Is x composite?
False
Let r(z) = -3*z**3 - 9*z**2 + 8*z + 25. Is r(-7) composite?
False
Suppose -3*u + 72479 = 2*o, -46*o = -49*o - 6. Is u composite?
True
Suppose z - 13 = 2*z. Let s(y) = -y - 11. Let l be s(z). Suppose 5*c - 1090 = 5*u, l*c = -5*u + 586 - 115. Is c composite?
False
Let z(c) = 30*c - 2 - 12*c + 4*c**2 - 1 + 0*c. Is z(13) composite?
False
Suppose -5*p - 3*q = -3 - 0, 5*p + 1 = -4*q. Suppose p*g - 1239 = 5*r, -4*g + 277 + 1375 = -r. Is g a composite number?
True
Suppose -18*g - 2284 = -14416. Is g a prime number?
False
Let n(h) = -4*h**3 - h - 1. Let k = 30 + -31. Let r be n(k). Suppose -3*g - 4*c = -53, r = -3*g + 4*c + 17. Is g a prime number?
True
Let d = 442 + 1425. Is d a prime number?
True
Suppose 8*z = 189 - 69. Let x(h) = 26*h - 21. Let m be x(z). Let a = m - -508. Is a prime?
True
Suppose -40645 = -8*v + 143043. Is v a prime number?
True
Let k(f) = -f**3 + 8*f**2 - 7*f + 5. Let m be k(7). Is 7 - m - 465/(-1) composite?
False
Suppose -5*k - 2*s = -59313, -k - 11858 = -2*k - 5*s. Is k prime?
True
Let t = -154 + 164. Suppose 11041 + 10489 = t*m. Is m a prime number?
True
Suppose -2*p + 4*p = 0. Let u(j) = 0*j**2 - 10*j + 2*j + 4*j**2 - 5 + p. Is u(-9) a prime number?
False
Suppose 772 = 5*l - 4*l. Suppose -2*f - 3*v = 273 - l, -2*v - 253 = -f. Is f a prime number?
True
Let o be 2460/14 - (-6)/21. Suppose 0 = 2*z - 4*r - 170 - o, -5*r + 20 = 0. Suppose 0 = -c + 2*j + 33, 8*c - z = 3*c + 2*j. Is c prime?
True
Let a(k) be the first derivative of -k**6/120 + k**4/4 + 5*k**3/6 - k**2 + 2. Let y(u) be the second derivative of a(u). Is y(-6) composite?
True
Suppose 9*j - 17614 + 2611 = 0. Suppose -3*l + j = 4*x, 4*l = -x + 492 - 85. Is x prime?
True
Suppose 3*k - 7*k = -58964. Is k composite?
False
Suppose -2*v + 2 + 6 = 0. Suppose 12 = v*n + 4*i, -n + 5*n - 2*i = 24. Suppose 7*q = n*q + 606. Is q a prime number?
False
Suppose 7*o - 5*o = 8. Suppose 2*d - 946 = -3*v, -1289 - 1030 = -5*d + o*v. Is d a prime number?
True
Let b be (4/10)/((-4)/(-20)). Is 839 - (b - (-3 - -7)) a composite number?
True
Let v(j) = 20*j**3 - 4*j**2 + 4*j - 3. Let i be (-3)/(1/2*-3). Is v(i) prime?
True
Let h = 51 - 46. Suppose 4*i + 4180 = h*g + i, 2*g + 5*i - 1703 = 0. Is g a composite number?
False
Suppose 3982 = 3*a - 29867. Is a a prime number?
False
Let v(m) = -m**2 - 6*m + 9. Let s be v(-7). Let g be 16/88 - 4321/(-11). Suppose f - g = -s*f. Is f a prime number?
True
Let v(n) = -122*n - 3. Let c be v(-7). Let r = -569 + 217. Let m = c + r. Is m prime?
True
Let u = -72465 - -128824. Is u prime?
True
Let l(f) = 20*f**2 - f + 2. Let m be l(-6). Let a = m + -1304. Let w = -269 - a. Is w prime?
True
Suppose -102 = -0*x - 3*x. Let m be